{"id":268,"date":"2019-03-05T11:37:52","date_gmt":"2019-03-05T11:37:52","guid":{"rendered":"http:\/\/www.mourirjeunemusic.com\/MJM\/?page_id=268"},"modified":"2020-10-04T19:04:18","modified_gmt":"2020-10-04T19:04:18","slug":"segen","status":"publish","type":"page","link":"https:\/\/www.mourirjeunemusic.com\/MJM\/segen\/","title":{"rendered":""},"content":{"rendered":"<div class=\"vce-row-container\"><div class=\"vce-row vce-row--col-gap-30 vce-row-columns--top vce-row-content--top\" id=\"el-90a4e783\" data-vce-do-apply=\"all el-90a4e783\"><div class=\"vce-row-content\" data-vce-element-content=\"true\"><div class=\"vce-col vce-col--md-100p vce-col--xs-1 vce-col--xs-last vce-col--xs-first vce-col--sm-last vce-col--sm-first vce-col--md-last vce-col--lg-last vce-col--xl-last vce-col--md-first vce-col--lg-first vce-col--xl-first\" id=\"el-e9f3e828\"><div class=\"vce-col-inner\" data-vce-do-apply=\"border margin background  el-e9f3e828\"><div class=\"vce-col-content\" data-vce-element-content=\"true\" data-vce-do-apply=\"padding el-e9f3e828\"><div class=\"vce-single-image-container vce-single-image--align-left\"><div class=\"vce vce-single-image-wrapper\" id=\"el-eeeaa7f2\" data-vce-do-apply=\"all el-eeeaa7f2\"><figure><div class=\"vce-single-image-inner vce-single-image--absolute\" style=\"padding-bottom: 149.927%; width: 683px;\"><img fetchpriority=\"high\" class=\"vce-single-image\" width=\"683\" height=\"1024\"src=\"https:\/\/www.mourirjeunemusic.com\/MJM\/wp-content\/uploads\/2020\/10\/MJM_portraits-sans-flash_typo-03-683x1024.png\" srcset=\"https:\/\/www.mourirjeunemusic.com\/MJM\/wp-content\/uploads\/2020\/10\/MJM_portraits-sans-flash_typo-03-320x480.png 320w,https:\/\/www.mourirjeunemusic.com\/MJM\/wp-content\/uploads\/2020\/10\/MJM_portraits-sans-flash_typo-03-480x720.png 480w,https:\/\/www.mourirjeunemusic.com\/MJM\/wp-content\/uploads\/2020\/10\/MJM_portraits-sans-flash_typo-03-683x1024.png 683w\" data-img-src=\"https:\/\/www.mourirjeunemusic.com\/MJM\/wp-content\/uploads\/2019\/04\/MJM_portraits-sans-flash_typo-03.png\" alt=\"\" title=\"MJM_portraits sans flash_typo-03\" \/><\/div><figcaption hidden=\"\"><\/figcaption><\/figure><\/div><\/div><\/div><\/div><\/div><\/div><\/div><\/div><div class=\"vce-row-container\"><div class=\"vce-row vce-row--col-gap-30 vce-row-columns--top vce-row-content--top\" id=\"el-32f7db4c\" data-vce-do-apply=\"all el-32f7db4c\"><div class=\"vce-row-content\" data-vce-element-content=\"true\"><div class=\"vce-col vce-col--md-auto vce-col--xs-1 vce-col--xs-last vce-col--xs-first vce-col--sm-last vce-col--sm-first vce-col--md-last vce-col--lg-last vce-col--xl-last vce-col--md-first vce-col--lg-first vce-col--xl-first\" id=\"el-77bd98d4\"><div class=\"vce-col-inner\" data-vce-do-apply=\"border margin background  el-77bd98d4\"><div class=\"vce-col-content\" data-vce-element-content=\"true\" data-vce-do-apply=\"padding el-77bd98d4\"><div class=\"vce-text-block\"><div class=\"vce-text-block-wrapper vce\" id=\"el-87c0e56b\" data-vce-do-apply=\"all el-87c0e56b\"><h5>&nbsp;<\/h5>\n<h5><span style=\"font-size: 12pt;\"><strong>Pr\u00e9sentation<\/strong><\/span><\/h5>\n<p>Segen est une jeune artiste vocale \u00e9tablie \u00e0 Gen\u00e8ve. Partant d'une exp\u00e9rience tr\u00e8s riche en chant lyrique et d'un go\u00fbt marqu\u00e9 pour les harmonies, elle propose une exploration de son registre musical qui va du R'n'B au Rap en passant par la Soul, l'Electro, la Folk et le Blues.<\/p>\n<p>&nbsp;<\/p>\n<p>Segen cr\u00e9e ainsi un univers intimiste et color\u00e9, un espace de libert\u00e9 et de douceur, qui lui permet d'exposer ses vuln\u00e9rabilit\u00e9s et de laisser ses diff\u00e9rents \"moi\" se r\u00e9v\u00e9ler. \u00c0 la fois solaire, g\u00e9n\u00e9reuse et pleine de finesse, c'est par nature que Segen revendique son droit d'exister en dehors des cases impos\u00e9es. En tant que femme noire, elle cherche \u00e0 exorciser le dictat du don de soi \u00e0 travers ses textes.<\/p>\n<p>Lune en Scorpion, soleil en Sagittaire, ascendant Lion.<\/p>\n<p>&nbsp;<\/p>\n<h5><span style=\"font-size: 12pt;\"><strong>Gen\u00e8se<\/strong><\/span><\/h5>\n<p>Apr\u00e8s 10 ans de chant en chorale et des premi\u00e8res exp\u00e9riences de sc\u00e8ne, Segen se pr\u00eate \u00e0 l'exercice du piano-voix, et r\u00e9dige ainsi ses premi\u00e8res compositions en 2013. \u00c0 la m\u00eame \u00e9poque, elle rejoint la troupe du spectacle \"Trop Frais\", avec laquelle elle joue et chante au th\u00e9\u00e2tre Saint-Gervais, ce qui lui fournit une opportunit\u00e9 d'explorer ses possibilit\u00e9s vocales d'une mani\u00e8re nouvelle. C'est aussi \u00e0 cette \u00e9poque qu'elle fait la rencontre de Sournoise Boy. Segen consacre ensuite quelques ann\u00e9es \u00e0 sa formation universitaire, puis elle retrouve Sournoise Boy en 2018, qui lui propose alors une collaboration avec Mourir Jeune Music.<\/p>\n<h5>&nbsp;<\/h5>\n<h5><span style=\"font-size: 12pt;\"><strong>Concept<\/strong><\/span><\/h5>\n<p>Avec MJM, Segen propose un projet musical tout en simplicit\u00e9 et en harmonie, empreint d'une authenticit\u00e9 proche de la Soul, et dont le th\u00e8me principal est la vuln\u00e9rabilit\u00e9 comme instrument de gu\u00e9rison. Derri\u00e8re l'apparente s\u00e9curit\u00e9 de ce mur en plexiglas, Segen se pr\u00eate \u00e0 une introspection qui lui permet de mieux s'affirmer et de proposer aux gens de gu\u00e9rir avec elle de leurs blessures. En s'exposant ainsi, Segen entend soigner le monde \u00e0 l'aide de la vuln\u00e9rabilit\u00e9.<\/p>\n<h5>&nbsp;<\/h5>\n<h5><span style=\"font-size: 12pt;\"><strong>A d\u00e9couvrir<\/strong><\/span><\/h5>\n<p><br>- \"<a href=\"https:\/\/fanlink.to\/MJMASTRONEF\"><em>Mourir Jeune Music pr\u00e9sente : ASTRONEF<\/em><\/a>\", album collectif, 2019 (une collaboration)<\/p>\n<p>-\"<a href=\"https:\/\/fanlink.to\/gualsheytan\"><em>gual sheytan<\/em><\/a>\", single, 2020<\/p>\n<p>-\"<em><a href=\"https:\/\/fanlink.to\/petite-mort\">Petite mort<\/a><\/em>\", single, 2020<\/p>\n<p>- \"<a href=\"https:\/\/fanlink.to\/Incipit\"><em>Incipit<\/em><\/a>\", EP, 2020<\/p><\/div><\/div><\/div><\/div><\/div><\/div><\/div><\/div><div class=\"vce-row-container\"><div class=\"vce-row vce-row--col-gap-30 vce-row-columns--top vce-row-content--top\" id=\"el-8603f049\" data-vce-do-apply=\"all el-8603f049\"><div class=\"vce-row-content\" data-vce-element-content=\"true\"><div class=\"vce-col vce-col--md-50p vce-col--xs-1 vce-col--xs-last vce-col--xs-first vce-col--sm-last vce-col--sm-first vce-col--md-last vce-col--lg-last vce-col--xl-last vce-col--md-first vce-col--lg-first vce-col--xl-first\" id=\"el-ba74d61d\"><div class=\"vce-col-inner\" data-vce-do-apply=\"border margin background  el-ba74d61d\"><div class=\"vce-col-content\" data-vce-element-content=\"true\" data-vce-do-apply=\"padding el-ba74d61d\"><\/div><\/div><\/div><\/div><\/div><\/div><div class=\"vce-row-container\"><div class=\"vce-row vce-row--col-gap-30 vce-row-columns--top vce-row-content--top\" id=\"el-9e0fe778\" data-vce-do-apply=\"all el-9e0fe778\"><div class=\"vce-row-content\" data-vce-element-content=\"true\"><div class=\"vce-col vce-col--md-100p vce-col--xs-1 vce-col--xs-last vce-col--xs-first vce-col--sm-last vce-col--sm-first vce-col--md-last vce-col--lg-last vce-col--xl-last vce-col--md-first vce-col--lg-first vce-col--xl-first\" id=\"el-4ab95095\"><div class=\"vce-col-inner\" data-vce-do-apply=\"border margin background  el-4ab95095\"><div class=\"vce-col-content\" data-vce-element-content=\"true\" data-vce-do-apply=\"padding el-4ab95095\"><div class=\"vce vce-separator-container vce-separator--align-center vce-separator--style-solid\" id=\"el-5069c216\" data-vce-do-apply=\"margin el-5069c216\"><div class=\"vce-separator vce-separator--color-bfc0c1 vce-separator--width-60 vce-separator--thickness-1\" data-vce-do-apply=\"border padding background  el-5069c216\"><\/div><\/div><\/div><\/div><\/div><div class=\"vce-col vce-col--md-50p vce-col--xs-1 vce-col--xs-last vce-col--xs-first vce-col--sm-last vce-col--sm-first vce-col--md-last vce-col--lg-last vce-col--xl-last vce-col--md-first vce-col--lg-first vce-col--xl-first\" id=\"el-47be7ed8\"><div class=\"vce-col-inner\" data-vce-do-apply=\"border margin background  el-47be7ed8\"><div class=\"vce-col-content\" data-vce-element-content=\"true\" data-vce-do-apply=\"padding el-47be7ed8\"><\/div><\/div><\/div><\/div><\/div><\/div><div class=\"vce-row-container\"><div class=\"vce-row vce-row--col-gap-30 vce-row-columns--top vce-row-content--top\" id=\"el-22463cc4\" data-vce-do-apply=\"all el-22463cc4\"><div class=\"vce-row-content\" data-vce-element-content=\"true\"><div class=\"vce-col vce-col--md-100p vce-col--xs-1 vce-col--xs-last vce-col--xs-first vce-col--sm-last vce-col--sm-first vce-col--md-last vce-col--lg-last vce-col--xl-last vce-col--md-first vce-col--lg-first vce-col--xl-first\" id=\"el-822dcf77\"><div class=\"vce-col-inner\" data-vce-do-apply=\"border margin background  el-822dcf77\"><div class=\"vce-col-content\" data-vce-element-content=\"true\" data-vce-do-apply=\"padding el-822dcf77\"><div class=\"vce-button--style-outline-container vce-button--style-outline-container--align-center\"><span class=\"vce-button--style-outline-wrapper vce\" id=\"el-d7ffa084\" data-vce-do-apply=\"margin el-d7ffa084\"><a class=\"vce-button--style-outline vce-button--style-outline--border-round vce-button--style-outline--size-medium vce-button--style-outline--color-e3e3e3--fff--b-255-255-255 vce-button--style-outline--border-color-e3e3e3--b-255-255-255 vce-button--style-outline--background-color-3d3d3d\" href=\"https:\/\/www.instagram.com\/segenttarius\/\" title=\"\" target=\"_blank\" data-vce-do-apply=\"padding border background  el-d7ffa084\" rel=\"noopener noreferrer\"><span class=\"vce-button--style-outline-text\">Instagram<\/span><\/a><\/span><\/div><\/div><\/div><\/div><\/div><\/div><\/div>\n","protected":false},"excerpt":{"rendered":"<p>&nbsp; Pr\u00e9sentation Segen est une jeune artiste vocale \u00e9tablie \u00e0 Gen\u00e8ve. Partant d&#8217;une exp\u00e9rience tr\u00e8s riche en chant lyrique et d&#8217;un go\u00fbt marqu\u00e9 pour les harmonies, elle propose une exploration de son registre musical qui va du R&#8217;n&#8217;B au Rap en passant par la Soul, l&#8217;Electro, la Folk et le Blues. &nbsp; Segen cr\u00e9e ainsi &hellip; <\/p>\n<p class=\"link-more\"><a href=\"https:\/\/www.mourirjeunemusic.com\/MJM\/segen\/\" class=\"more-link\">Continue reading<span class=\"screen-reader-text\"> &#8220;&#8221;<\/span><\/a><\/p>\n","protected":false},"author":1,"featured_media":0,"parent":0,"menu_order":0,"comment_status":"closed","ping_status":"closed","template":"","meta":{"footnotes":""},"_links":{"self":[{"href":"https:\/\/www.mourirjeunemusic.com\/MJM\/wp-json\/wp\/v2\/pages\/268"}],"collection":[{"href":"https:\/\/www.mourirjeunemusic.com\/MJM\/wp-json\/wp\/v2\/pages"}],"about":[{"href":"https:\/\/www.mourirjeunemusic.com\/MJM\/wp-json\/wp\/v2\/types\/page"}],"author":[{"embeddable":true,"href":"https:\/\/www.mourirjeunemusic.com\/MJM\/wp-json\/wp\/v2\/users\/1"}],"replies":[{"embeddable":true,"href":"https:\/\/www.mourirjeunemusic.com\/MJM\/wp-json\/wp\/v2\/comments?post=268"}],"version-history":[{"count":23,"href":"https:\/\/www.mourirjeunemusic.com\/MJM\/wp-json\/wp\/v2\/pages\/268\/revisions"}],"predecessor-version":[{"id":780,"href":"https:\/\/www.mourirjeunemusic.com\/MJM\/wp-json\/wp\/v2\/pages\/268\/revisions\/780"}],"wp:attachment":[{"href":"https:\/\/www.mourirjeunemusic.com\/MJM\/wp-json\/wp\/v2\/media?parent=268"}],"curies":[{"name":"wp","href":"https:\/\/api.w.org\/{rel}","templated":true}]}}